{"id":166,"date":"2023-08-08T20:02:12","date_gmt":"2023-08-08T23:02:12","guid":{"rendered":"https:\/\/estiloclassico.com.br\/index.php\/product\/mesa-de-jogos-dobravel\/"},"modified":"2023-10-06T17:11:43","modified_gmt":"2023-10-06T20:11:43","slug":"mesa-de-jogos-dobravel","status":"publish","type":"product","link":"https:\/\/estiloclassico.com.br\/index.php\/product\/mesa-de-jogos-dobravel\/","title":{"rendered":"Mesa de Jogos Dobr\u00e1vel"},"content":{"rendered":"<p>Mesa de jogos dobr\u00e1vel em mogno, estilo ingl\u00eas, forrada em feltro verde quando aberta, com detalhes em pau marfim nas duas gavetas, laterais do tampo e nos p\u00e9s, com puxadores dourados.<\/p>\n<p>A:80<br \/>\nL:35 (fechada<br \/>\nL:70 (aberta)<br \/>\nC:89<\/p>\n","protected":false},"excerpt":{"rendered":"<p>Mesa de jogos dobr\u00e1vel em mogno, estilo ingl\u00eas, forrada em feltro verde quando aberta, com detalhes em pau marfim nas duas gavetas, laterais do tampo e nos p\u00e9s, com puxadores dourados. A:80 L:35 (fechada L:70 (aberta) C:89<\/p>\n","protected":false},"featured_media":215,"template":"","meta":{"site-sidebar-layout":"default","site-content-layout":"default","ast-site-content-layout":"default","site-content-style":"default","site-sidebar-style":"default","ast-global-header-display":"","ast-banner-title-visibility":"","ast-main-header-display":"","ast-hfb-above-header-display":"","ast-hfb-below-header-display":"","ast-hfb-mobile-header-display":"","site-post-title":"","ast-breadcrumbs-content":"","ast-featured-img":"","footer-sml-layout":"","theme-transparent-header-meta":"default","adv-header-id-meta":"","stick-header-meta":"","header-above-stick-meta":"","header-main-stick-meta":"","header-below-stick-meta":"","astra-migrate-meta-layouts":"set"},"product_cat":[20,39],"product_tag":[],"_links":{"self":[{"href":"https:\/\/estiloclassico.com.br\/index.php\/wp-json\/wp\/v2\/product\/166"}],"collection":[{"href":"https:\/\/estiloclassico.com.br\/index.php\/wp-json\/wp\/v2\/product"}],"about":[{"href":"https:\/\/estiloclassico.com.br\/index.php\/wp-json\/wp\/v2\/types\/product"}],"wp:featuredmedia":[{"embeddable":true,"href":"https:\/\/estiloclassico.com.br\/index.php\/wp-json\/wp\/v2\/media\/215"}],"wp:attachment":[{"href":"https:\/\/estiloclassico.com.br\/index.php\/wp-json\/wp\/v2\/media?parent=166"}],"wp:term":[{"taxonomy":"product_cat","embeddable":true,"href":"https:\/\/estiloclassico.com.br\/index.php\/wp-json\/wp\/v2\/product_cat?post=166"},{"taxonomy":"product_tag","embeddable":true,"href":"https:\/\/estiloclassico.com.br\/index.php\/wp-json\/wp\/v2\/product_tag?post=166"}],"curies":[{"name":"wp","href":"https:\/\/api.w.org\/{rel}","templated":true}]}}