{"id":179,"date":"2023-08-08T20:02:27","date_gmt":"2023-08-08T23:02:27","guid":{"rendered":"https:\/\/estiloclassico.com.br\/index.php\/product\/mesa-cafe\/"},"modified":"2023-10-11T16:01:19","modified_gmt":"2023-10-11T19:01:19","slug":"mesa-cafe","status":"publish","type":"product","link":"https:\/\/estiloclassico.com.br\/index.php\/product\/mesa-cafe\/","title":{"rendered":"Mesa Caf\u00e9"},"content":{"rendered":"<p>Mesa redonda para caf\u00e9, estilo ingl\u00eas, em pau marfim, tampo espinhado, com detalhes em marchetaria em jacarand\u00e1 e ponteiras douradas nos p\u00e9s.<\/p>\n<p>A:77cm<br \/>\nD:80cm<\/p>\n","protected":false},"excerpt":{"rendered":"<p>Mesa redonda para caf\u00e9, estilo ingl\u00eas, em pau marfim, tampo espinhado, com detalhes em marchetaria em jacarand\u00e1 e ponteiras douradas nos p\u00e9s. A:77cm D:80cm<\/p>\n","protected":false},"featured_media":226,"template":"","meta":{"site-sidebar-layout":"default","site-content-layout":"default","ast-site-content-layout":"default","site-content-style":"default","site-sidebar-style":"default","ast-global-header-display":"","ast-banner-title-visibility":"","ast-main-header-display":"","ast-hfb-above-header-display":"","ast-hfb-below-header-display":"","ast-hfb-mobile-header-display":"","site-post-title":"","ast-breadcrumbs-content":"","ast-featured-img":"","footer-sml-layout":"","theme-transparent-header-meta":"default","adv-header-id-meta":"","stick-header-meta":"","header-above-stick-meta":"","header-main-stick-meta":"","header-below-stick-meta":"","astra-migrate-meta-layouts":"set"},"product_cat":[38],"product_tag":[],"_links":{"self":[{"href":"https:\/\/estiloclassico.com.br\/index.php\/wp-json\/wp\/v2\/product\/179"}],"collection":[{"href":"https:\/\/estiloclassico.com.br\/index.php\/wp-json\/wp\/v2\/product"}],"about":[{"href":"https:\/\/estiloclassico.com.br\/index.php\/wp-json\/wp\/v2\/types\/product"}],"wp:featuredmedia":[{"embeddable":true,"href":"https:\/\/estiloclassico.com.br\/index.php\/wp-json\/wp\/v2\/media\/226"}],"wp:attachment":[{"href":"https:\/\/estiloclassico.com.br\/index.php\/wp-json\/wp\/v2\/media?parent=179"}],"wp:term":[{"taxonomy":"product_cat","embeddable":true,"href":"https:\/\/estiloclassico.com.br\/index.php\/wp-json\/wp\/v2\/product_cat?post=179"},{"taxonomy":"product_tag","embeddable":true,"href":"https:\/\/estiloclassico.com.br\/index.php\/wp-json\/wp\/v2\/product_tag?post=179"}],"curies":[{"name":"wp","href":"https:\/\/api.w.org\/{rel}","templated":true}]}}