{"id":187,"date":"2023-08-08T20:02:36","date_gmt":"2023-08-08T23:02:36","guid":{"rendered":"https:\/\/estiloclassico.com.br\/index.php\/product\/aparador-aurora-perola\/"},"modified":"2023-10-11T16:50:26","modified_gmt":"2023-10-11T19:50:26","slug":"aparador-aurora-perola","status":"publish","type":"product","link":"https:\/\/estiloclassico.com.br\/index.php\/product\/aparador-aurora-perola\/","title":{"rendered":"Aparador Aurora P\u00e9rola"},"content":{"rendered":"<p>Aparador em mogno estilo ingl\u00eas com duas gavetas com puxadores dourados e tampo em m\u00e1rmore aurora p\u00e9rola.<\/p>\n<p>A:90cm<br \/>\nL:45cm<br \/>\nC:110cm<\/p>\n","protected":false},"excerpt":{"rendered":"<p>Aparador em mogno estilo ingl\u00eas com duas gavetas com puxadores dourados e tampo em m\u00e1rmore aurora p\u00e9rola. A:90cm L:45cm C:110cm<\/p>\n","protected":false},"featured_media":250,"template":"","meta":{"site-sidebar-layout":"default","site-content-layout":"default","ast-site-content-layout":"default","site-content-style":"default","site-sidebar-style":"default","ast-global-header-display":"","ast-banner-title-visibility":"","ast-main-header-display":"","ast-hfb-above-header-display":"","ast-hfb-below-header-display":"","ast-hfb-mobile-header-display":"","site-post-title":"","ast-breadcrumbs-content":"","ast-featured-img":"","footer-sml-layout":"","theme-transparent-header-meta":"default","adv-header-id-meta":"","stick-header-meta":"","header-above-stick-meta":"","header-main-stick-meta":"","header-below-stick-meta":"","astra-migrate-meta-layouts":"set"},"product_cat":[23],"product_tag":[],"_links":{"self":[{"href":"https:\/\/estiloclassico.com.br\/index.php\/wp-json\/wp\/v2\/product\/187"}],"collection":[{"href":"https:\/\/estiloclassico.com.br\/index.php\/wp-json\/wp\/v2\/product"}],"about":[{"href":"https:\/\/estiloclassico.com.br\/index.php\/wp-json\/wp\/v2\/types\/product"}],"wp:featuredmedia":[{"embeddable":true,"href":"https:\/\/estiloclassico.com.br\/index.php\/wp-json\/wp\/v2\/media\/250"}],"wp:attachment":[{"href":"https:\/\/estiloclassico.com.br\/index.php\/wp-json\/wp\/v2\/media?parent=187"}],"wp:term":[{"taxonomy":"product_cat","embeddable":true,"href":"https:\/\/estiloclassico.com.br\/index.php\/wp-json\/wp\/v2\/product_cat?post=187"},{"taxonomy":"product_tag","embeddable":true,"href":"https:\/\/estiloclassico.com.br\/index.php\/wp-json\/wp\/v2\/product_tag?post=187"}],"curies":[{"name":"wp","href":"https:\/\/api.w.org\/{rel}","templated":true}]}}