{"id":407,"date":"2023-08-29T15:59:18","date_gmt":"2023-08-29T18:59:18","guid":{"rendered":"https:\/\/estiloclassico.com.br\/index.php\/product\/cadeira-luiz-xvi-em-patina\/"},"modified":"2023-10-11T17:14:35","modified_gmt":"2023-10-11T20:14:35","slug":"cadeira-luiz-xvi-em-patina","status":"publish","type":"product","link":"https:\/\/estiloclassico.com.br\/index.php\/product\/cadeira-luiz-xvi-em-patina\/","title":{"rendered":"Cadeira Luiz XVI em P\u00e1tina"},"content":{"rendered":"<p>Cadeira Lu\u00eds XVI em p\u00e1tina, com assento forrado em tecido azul.<\/p>\n<p>A:93cm<br \/>\nL:45cm<br \/>\nC:45cm<\/p>\n","protected":false},"excerpt":{"rendered":"<p>Cadeira Lu\u00eds XVI em p\u00e1tina, com assento forrado em tecido azul. A:93cm L:45cm C:45cm<\/p>\n","protected":false},"featured_media":332,"template":"","meta":{"site-sidebar-layout":"default","site-content-layout":"default","ast-site-content-layout":"default","site-content-style":"default","site-sidebar-style":"default","ast-global-header-display":"","ast-banner-title-visibility":"","ast-main-header-display":"","ast-hfb-above-header-display":"","ast-hfb-below-header-display":"","ast-hfb-mobile-header-display":"","site-post-title":"","ast-breadcrumbs-content":"","ast-featured-img":"","footer-sml-layout":"","theme-transparent-header-meta":"default","adv-header-id-meta":"","stick-header-meta":"","header-above-stick-meta":"","header-main-stick-meta":"","header-below-stick-meta":"","astra-migrate-meta-layouts":"set"},"product_cat":[18],"product_tag":[],"_links":{"self":[{"href":"https:\/\/estiloclassico.com.br\/index.php\/wp-json\/wp\/v2\/product\/407"}],"collection":[{"href":"https:\/\/estiloclassico.com.br\/index.php\/wp-json\/wp\/v2\/product"}],"about":[{"href":"https:\/\/estiloclassico.com.br\/index.php\/wp-json\/wp\/v2\/types\/product"}],"wp:featuredmedia":[{"embeddable":true,"href":"https:\/\/estiloclassico.com.br\/index.php\/wp-json\/wp\/v2\/media\/332"}],"wp:attachment":[{"href":"https:\/\/estiloclassico.com.br\/index.php\/wp-json\/wp\/v2\/media?parent=407"}],"wp:term":[{"taxonomy":"product_cat","embeddable":true,"href":"https:\/\/estiloclassico.com.br\/index.php\/wp-json\/wp\/v2\/product_cat?post=407"},{"taxonomy":"product_tag","embeddable":true,"href":"https:\/\/estiloclassico.com.br\/index.php\/wp-json\/wp\/v2\/product_tag?post=407"}],"curies":[{"name":"wp","href":"https:\/\/api.w.org\/{rel}","templated":true}]}}