{"id":421,"date":"2023-08-29T15:59:41","date_gmt":"2023-08-29T18:59:41","guid":{"rendered":"https:\/\/estiloclassico.com.br\/index.php\/product\/mini-estante-de-parede\/"},"modified":"2023-10-06T17:35:13","modified_gmt":"2023-10-06T20:35:13","slug":"mini-estante-de-parede","status":"publish","type":"product","link":"https:\/\/estiloclassico.com.br\/index.php\/product\/mini-estante-de-parede\/","title":{"rendered":"Mini Estante  de Parede"},"content":{"rendered":"<p>Mini estante em mogno, estilo ingl\u00eas, com duas prateleiras e tr\u00eas gavetas com mini puxadores dourados. Fixa\u00e7\u00e3o na parede.<\/p>\n<p>A:115<br \/>\nL:23<br \/>\nC:72<\/p>\n","protected":false},"excerpt":{"rendered":"<p>Mini estante em mogno, estilo ingl\u00eas, com duas prateleiras e tr\u00eas gavetas com mini puxadores dourados. Fixa\u00e7\u00e3o na parede. A:115 L:23 C:72<\/p>\n","protected":false},"featured_media":320,"template":"","meta":{"site-sidebar-layout":"default","site-content-layout":"default","ast-site-content-layout":"default","site-content-style":"default","site-sidebar-style":"default","ast-global-header-display":"","ast-banner-title-visibility":"","ast-main-header-display":"","ast-hfb-above-header-display":"","ast-hfb-below-header-display":"","ast-hfb-mobile-header-display":"","site-post-title":"","ast-breadcrumbs-content":"","ast-featured-img":"","footer-sml-layout":"","theme-transparent-header-meta":"default","adv-header-id-meta":"","stick-header-meta":"","header-above-stick-meta":"","header-main-stick-meta":"","header-below-stick-meta":"","astra-migrate-meta-layouts":"set"},"product_cat":[27],"product_tag":[],"_links":{"self":[{"href":"https:\/\/estiloclassico.com.br\/index.php\/wp-json\/wp\/v2\/product\/421"}],"collection":[{"href":"https:\/\/estiloclassico.com.br\/index.php\/wp-json\/wp\/v2\/product"}],"about":[{"href":"https:\/\/estiloclassico.com.br\/index.php\/wp-json\/wp\/v2\/types\/product"}],"wp:featuredmedia":[{"embeddable":true,"href":"https:\/\/estiloclassico.com.br\/index.php\/wp-json\/wp\/v2\/media\/320"}],"wp:attachment":[{"href":"https:\/\/estiloclassico.com.br\/index.php\/wp-json\/wp\/v2\/media?parent=421"}],"wp:term":[{"taxonomy":"product_cat","embeddable":true,"href":"https:\/\/estiloclassico.com.br\/index.php\/wp-json\/wp\/v2\/product_cat?post=421"},{"taxonomy":"product_tag","embeddable":true,"href":"https:\/\/estiloclassico.com.br\/index.php\/wp-json\/wp\/v2\/product_tag?post=421"}],"curies":[{"name":"wp","href":"https:\/\/api.w.org\/{rel}","templated":true}]}}