{"id":429,"date":"2023-08-29T15:59:55","date_gmt":"2023-08-29T18:59:55","guid":{"rendered":"https:\/\/estiloclassico.com.br\/index.php\/product\/comoda-pau-marfim-e-mogno\/"},"modified":"2023-10-11T17:32:53","modified_gmt":"2023-10-11T20:32:53","slug":"comoda-pau-marfim-e-mogno","status":"publish","type":"product","link":"https:\/\/estiloclassico.com.br\/index.php\/product\/comoda-pau-marfim-e-mogno\/","title":{"rendered":"C\u00f4moda Pau Marfim e Mogno"},"content":{"rendered":"<p>C\u00f4moda em estilo contempor\u00e2neo em pau marfim e mogno. Possui cinco gavetas, sendo duas pequenas, com puxadores dourados e aplica\u00e7\u00e3o de molduras nas laterais.<\/p>\n<p>A:90cm<br \/>\nL:50cm<br \/>\nC:110cm<\/p>\n","protected":false},"excerpt":{"rendered":"<p>C\u00f4moda em estilo contempor\u00e2neo em pau marfim e mogno. Possui cinco gavetas, sendo duas pequenas, com puxadores dourados e aplica\u00e7\u00e3o de molduras nas laterais. A:90cm L:50cm C:110cm<\/p>\n","protected":false},"featured_media":315,"template":"","meta":{"site-sidebar-layout":"default","site-content-layout":"default","ast-site-content-layout":"default","site-content-style":"default","site-sidebar-style":"default","ast-global-header-display":"","ast-banner-title-visibility":"","ast-main-header-display":"","ast-hfb-above-header-display":"","ast-hfb-below-header-display":"","ast-hfb-mobile-header-display":"","site-post-title":"","ast-breadcrumbs-content":"","ast-featured-img":"","footer-sml-layout":"","theme-transparent-header-meta":"default","adv-header-id-meta":"","stick-header-meta":"","header-above-stick-meta":"","header-main-stick-meta":"","header-below-stick-meta":"","astra-migrate-meta-layouts":"set"},"product_cat":[35],"product_tag":[],"_links":{"self":[{"href":"https:\/\/estiloclassico.com.br\/index.php\/wp-json\/wp\/v2\/product\/429"}],"collection":[{"href":"https:\/\/estiloclassico.com.br\/index.php\/wp-json\/wp\/v2\/product"}],"about":[{"href":"https:\/\/estiloclassico.com.br\/index.php\/wp-json\/wp\/v2\/types\/product"}],"wp:featuredmedia":[{"embeddable":true,"href":"https:\/\/estiloclassico.com.br\/index.php\/wp-json\/wp\/v2\/media\/315"}],"wp:attachment":[{"href":"https:\/\/estiloclassico.com.br\/index.php\/wp-json\/wp\/v2\/media?parent=429"}],"wp:term":[{"taxonomy":"product_cat","embeddable":true,"href":"https:\/\/estiloclassico.com.br\/index.php\/wp-json\/wp\/v2\/product_cat?post=429"},{"taxonomy":"product_tag","embeddable":true,"href":"https:\/\/estiloclassico.com.br\/index.php\/wp-json\/wp\/v2\/product_tag?post=429"}],"curies":[{"name":"wp","href":"https:\/\/api.w.org\/{rel}","templated":true}]}}