{"id":520,"date":"2023-09-06T13:46:50","date_gmt":"2023-09-06T16:46:50","guid":{"rendered":"https:\/\/estiloclassico.com.br\/index.php\/product\/escrivaninha-estilo-frances-2\/"},"modified":"2023-10-04T15:26:46","modified_gmt":"2023-10-04T18:26:46","slug":"escrivaninha-estilo-frances-2","status":"publish","type":"product","link":"https:\/\/estiloclassico.com.br\/index.php\/product\/escrivaninha-estilo-frances-2\/","title":{"rendered":"Escrivaninha estilo franc\u00eas"},"content":{"rendered":"<p>Escrivaninha em mogno, estilo franc\u00eas. Detalhes em marchetaria na frente, verso e laterais.<br \/>\nPossui tr\u00eas gavetas com puxadores dourados sendo a central com chave.<br \/>\nAdornos em metais dourados nos p\u00e9s em cima e embaixo.<\/p>\n<p>A:77<br \/>\nL:92<br \/>\nC:192<\/p>\n","protected":false},"excerpt":{"rendered":"<p>Escrivaninha em mogno, estilo franc\u00eas. Detalhes em marchetaria na frente, verso e laterais. Possui tr\u00eas gavetas com puxadores dourados sendo a central com chave. Adornos em metais dourados nos p\u00e9s em cima e embaixo. A:77 L:92 C:192<\/p>\n","protected":false},"featured_media":287,"template":"","meta":{"site-sidebar-layout":"default","site-content-layout":"default","ast-site-content-layout":"","site-content-style":"default","site-sidebar-style":"default","ast-global-header-display":"","ast-banner-title-visibility":"","ast-main-header-display":"","ast-hfb-above-header-display":"","ast-hfb-below-header-display":"","ast-hfb-mobile-header-display":"","site-post-title":"","ast-breadcrumbs-content":"","ast-featured-img":"","footer-sml-layout":"","theme-transparent-header-meta":"default","adv-header-id-meta":"","stick-header-meta":"","header-above-stick-meta":"","header-main-stick-meta":"","header-below-stick-meta":"","astra-migrate-meta-layouts":""},"product_cat":[25],"product_tag":[],"_links":{"self":[{"href":"https:\/\/estiloclassico.com.br\/index.php\/wp-json\/wp\/v2\/product\/520"}],"collection":[{"href":"https:\/\/estiloclassico.com.br\/index.php\/wp-json\/wp\/v2\/product"}],"about":[{"href":"https:\/\/estiloclassico.com.br\/index.php\/wp-json\/wp\/v2\/types\/product"}],"wp:featuredmedia":[{"embeddable":true,"href":"https:\/\/estiloclassico.com.br\/index.php\/wp-json\/wp\/v2\/media\/287"}],"wp:attachment":[{"href":"https:\/\/estiloclassico.com.br\/index.php\/wp-json\/wp\/v2\/media?parent=520"}],"wp:term":[{"taxonomy":"product_cat","embeddable":true,"href":"https:\/\/estiloclassico.com.br\/index.php\/wp-json\/wp\/v2\/product_cat?post=520"},{"taxonomy":"product_tag","embeddable":true,"href":"https:\/\/estiloclassico.com.br\/index.php\/wp-json\/wp\/v2\/product_tag?post=520"}],"curies":[{"name":"wp","href":"https:\/\/api.w.org\/{rel}","templated":true}]}}