{"id":527,"date":"2023-09-06T13:46:57","date_gmt":"2023-09-06T16:46:57","guid":{"rendered":"https:\/\/estiloclassico.com.br\/index.php\/product\/base-estilo-ingles-ii\/"},"modified":"2023-10-11T16:54:57","modified_gmt":"2023-10-11T19:54:57","slug":"base-estilo-ingles-ii","status":"publish","type":"product","link":"https:\/\/estiloclassico.com.br\/index.php\/product\/base-estilo-ingles-ii\/","title":{"rendered":"Base estilo ingl\u00eas II"},"content":{"rendered":"<p>Base de mesa II, uma coluna quadrada em mogno, estilo ingl\u00eas, madeira maci\u00e7a.<\/p>\n<p>A:75cm<br \/>\nL:55cm<br \/>\nC:55cm<\/p>\n<p>&nbsp;<\/p>\n<p>Tampo de cristal n\u00e3o incluso.<\/p>\n","protected":false},"excerpt":{"rendered":"<p>Base de mesa II, uma coluna quadrada em mogno, estilo ingl\u00eas, madeira maci\u00e7a. A:75cm L:55cm C:55cm &nbsp; Tampo de cristal n\u00e3o incluso.<\/p>\n","protected":false},"featured_media":274,"template":"","meta":{"site-sidebar-layout":"default","site-content-layout":"default","ast-site-content-layout":"default","site-content-style":"default","site-sidebar-style":"default","ast-global-header-display":"","ast-banner-title-visibility":"","ast-main-header-display":"","ast-hfb-above-header-display":"","ast-hfb-below-header-display":"","ast-hfb-mobile-header-display":"","site-post-title":"","ast-breadcrumbs-content":"","ast-featured-img":"","footer-sml-layout":"","theme-transparent-header-meta":"default","adv-header-id-meta":"","stick-header-meta":"","header-above-stick-meta":"","header-main-stick-meta":"","header-below-stick-meta":"","astra-migrate-meta-layouts":"set"},"product_cat":[41],"product_tag":[],"_links":{"self":[{"href":"https:\/\/estiloclassico.com.br\/index.php\/wp-json\/wp\/v2\/product\/527"}],"collection":[{"href":"https:\/\/estiloclassico.com.br\/index.php\/wp-json\/wp\/v2\/product"}],"about":[{"href":"https:\/\/estiloclassico.com.br\/index.php\/wp-json\/wp\/v2\/types\/product"}],"wp:featuredmedia":[{"embeddable":true,"href":"https:\/\/estiloclassico.com.br\/index.php\/wp-json\/wp\/v2\/media\/274"}],"wp:attachment":[{"href":"https:\/\/estiloclassico.com.br\/index.php\/wp-json\/wp\/v2\/media?parent=527"}],"wp:term":[{"taxonomy":"product_cat","embeddable":true,"href":"https:\/\/estiloclassico.com.br\/index.php\/wp-json\/wp\/v2\/product_cat?post=527"},{"taxonomy":"product_tag","embeddable":true,"href":"https:\/\/estiloclassico.com.br\/index.php\/wp-json\/wp\/v2\/product_tag?post=527"}],"curies":[{"name":"wp","href":"https:\/\/api.w.org\/{rel}","templated":true}]}}