{"id":574,"date":"2023-09-06T16:22:55","date_gmt":"2023-09-06T19:22:55","guid":{"rendered":"https:\/\/estiloclassico.com.br\/?post_type=product&#038;p=574"},"modified":"2023-10-04T15:27:31","modified_gmt":"2023-10-04T18:27:31","slug":"escrivaninha-estilo-ingles-2","status":"publish","type":"product","link":"https:\/\/estiloclassico.com.br\/index.php\/product\/escrivaninha-estilo-ingles-2\/","title":{"rendered":"Escrivaninha estilo ingl\u00eas grande"},"content":{"rendered":"<p>Escrivaninha em mogno estilo ingl\u00eas, com tampo em detalhe embutido em r\u00e1dica de imbuia, possui cinco gavetas, sendo a maior central com chave e duas em cada lateral, puxadores dourados e ponteiras douradas nos p\u00e9s.<\/p>\n<p>&nbsp;<\/p>\n<p>A:76<br \/>\nL:70<br \/>\nC:160<\/p>\n","protected":false},"excerpt":{"rendered":"<p>Escrivaninha em mogno estilo ingl\u00eas, com tampo em detalhe embutido em r\u00e1dica de imbuia, possui cinco gavetas, sendo a maior central com chave e duas em cada lateral, puxadores dourados e ponteiras douradas nos p\u00e9s. &nbsp; A:76 L:70 C:160<\/p>\n","protected":false},"featured_media":289,"template":"","meta":{"site-sidebar-layout":"default","site-content-layout":"default","ast-site-content-layout":"","site-content-style":"default","site-sidebar-style":"default","ast-global-header-display":"","ast-banner-title-visibility":"","ast-main-header-display":"","ast-hfb-above-header-display":"","ast-hfb-below-header-display":"","ast-hfb-mobile-header-display":"","site-post-title":"","ast-breadcrumbs-content":"","ast-featured-img":"","footer-sml-layout":"","theme-transparent-header-meta":"default","adv-header-id-meta":"","stick-header-meta":"","header-above-stick-meta":"","header-main-stick-meta":"","header-below-stick-meta":"","astra-migrate-meta-layouts":""},"product_cat":[25],"product_tag":[],"_links":{"self":[{"href":"https:\/\/estiloclassico.com.br\/index.php\/wp-json\/wp\/v2\/product\/574"}],"collection":[{"href":"https:\/\/estiloclassico.com.br\/index.php\/wp-json\/wp\/v2\/product"}],"about":[{"href":"https:\/\/estiloclassico.com.br\/index.php\/wp-json\/wp\/v2\/types\/product"}],"wp:featuredmedia":[{"embeddable":true,"href":"https:\/\/estiloclassico.com.br\/index.php\/wp-json\/wp\/v2\/media\/289"}],"wp:attachment":[{"href":"https:\/\/estiloclassico.com.br\/index.php\/wp-json\/wp\/v2\/media?parent=574"}],"wp:term":[{"taxonomy":"product_cat","embeddable":true,"href":"https:\/\/estiloclassico.com.br\/index.php\/wp-json\/wp\/v2\/product_cat?post=574"},{"taxonomy":"product_tag","embeddable":true,"href":"https:\/\/estiloclassico.com.br\/index.php\/wp-json\/wp\/v2\/product_tag?post=574"}],"curies":[{"name":"wp","href":"https:\/\/api.w.org\/{rel}","templated":true}]}}